{"id":28,"date":"2024-07-17T11:45:59","date_gmt":"2024-07-17T11:45:59","guid":{"rendered":"http:\/\/solucoesinformaticas.com\/contact\/"},"modified":"2024-08-06T11:48:05","modified_gmt":"2024-08-06T11:48:05","slug":"contact","status":"publish","type":"page","link":"https:\/\/solucoesinformaticas.com\/?page_id=28","title":{"rendered":"Contactos"},"content":{"rendered":"\n\n\t\t\t<h1>\n\t\t\t\t\tContactos\n\t\t\t\t<\/h1>\n\t\t\t<h4>\n\t\t\t\t\tEnvie as suas D\u00favidas\n\t\t\t\t<\/h4>\n\t\t\t<p>Estamos abertos para qualquer tipo de esclarecimento.<\/p>\n\t\n\t<ul>\n\t\t<li>\t\t\t\t\n\t\t<h4>Endere\u00e7o<\/h4><p>Achada de Santo Ant\u00f3nio,<br \/>Cidade da Praia &#8211; Santiago.<\/p><\/li><li>\t\t\t\t\n\t\t<h4>Ligue para n\u00f3s<\/h4><p>+238 00957 3134<br \/>+238 009852428<\/p><\/li><li>\t\t\t\t\n\t\t<h4> E-mail<\/h4><p>ibraimoabdala@solucoesinformaticas.com<br \/>nitandrade@solucoesinformaticas.com<\/p><\/li><li>\t\t\t\t\n\t\t<h4>Hor\u00e1rio de Funcionamento<\/h4><p>Seg &#8211; Sex: 8:30h &#8211; 17:00h<br \/>\u00a0 \u00a0 \u00a0 \u00a0 \u00a0 Sat: 8:30h &#8211; 11:00h<\/p><\/li>\t<\/ul>\n\n","protected":false},"excerpt":{"rendered":"<p>Contactos Envie as suas D\u00favidas Estamos abertos para qualquer tipo de esclarecimento. Endere\u00e7o Achada de Santo Ant\u00f3nio,Cidade da Praia &#8211; Santiago. Ligue para n\u00f3s +238 00957 3134+238 009852428 E-mail ibraimoabdala@solucoesinformaticas.comnitandrade@solucoesinformaticas.com Hor\u00e1rio de Funcionamento Seg &#8211; Sex: 8:30h &#8211; 17:00h\u00a0 \u00a0 \u00a0 \u00a0 \u00a0 Sat: 8:30h &#8211; 11:00h<\/p>\n","protected":false},"author":1,"featured_media":0,"parent":0,"menu_order":0,"comment_status":"closed","ping_status":"closed","template":"","meta":{"_editorskit_title_hidden":false,"_editorskit_reading_time":0,"_editorskit_is_block_options_detached":false,"_editorskit_block_options_position":"{}","_uag_custom_page_level_css":"","_monsterinsights_skip_tracking":false,"_monsterinsights_sitenote_active":false,"_monsterinsights_sitenote_note":"","_monsterinsights_sitenote_category":0,"site-sidebar-layout":"no-sidebar","site-content-layout":"page-builder","ast-site-content-layout":"full-width-container","site-content-style":"unboxed","site-sidebar-style":"unboxed","ast-global-header-display":"","ast-banner-title-visibility":"","ast-main-header-display":"","ast-hfb-above-header-display":"","ast-hfb-below-header-display":"","ast-hfb-mobile-header-display":"","site-post-title":"disabled","ast-breadcrumbs-content":"","ast-featured-img":"disabled","footer-sml-layout":"","theme-transparent-header-meta":"","adv-header-id-meta":"","stick-header-meta":"","header-above-stick-meta":"","header-main-stick-meta":"","header-below-stick-meta":"","astra-migrate-meta-layouts":"set","ast-page-background-enabled":"default","ast-page-background-meta":{"desktop":{"background-color":"","background-image":"","background-repeat":"repeat","background-position":"center center","background-size":"auto","background-attachment":"scroll","background-type":"","background-media":"","overlay-type":"","overlay-color":"","overlay-opacity":"","overlay-gradient":""},"tablet":{"background-color":"","background-image":"","background-repeat":"repeat","background-position":"center center","background-size":"auto","background-attachment":"scroll","background-type":"","background-media":"","overlay-type":"","overlay-color":"","overlay-opacity":"","overlay-gradient":""},"mobile":{"background-color":"","background-image":"","background-repeat":"repeat","background-position":"center center","background-size":"auto","background-attachment":"scroll","background-type":"","background-media":"","overlay-type":"","overlay-color":"","overlay-opacity":"","overlay-gradient":""}},"ast-content-background-meta":{"desktop":{"background-color":"var(--ast-global-color-5)","background-image":"","background-repeat":"repeat","background-position":"center center","background-size":"auto","background-attachment":"scroll","background-type":"","background-media":"","overlay-type":"","overlay-color":"","overlay-opacity":"","overlay-gradient":""},"tablet":{"background-color":"var(--ast-global-color-5)","background-image":"","background-repeat":"repeat","background-position":"center center","background-size":"auto","background-attachment":"scroll","background-type":"","background-media":"","overlay-type":"","overlay-color":"","overlay-opacity":"","overlay-gradient":""},"mobile":{"background-color":"var(--ast-global-color-5)","background-image":"","background-repeat":"repeat","background-position":"center center","background-size":"auto","background-attachment":"scroll","background-type":"","background-media":"","overlay-type":"","overlay-color":"","overlay-opacity":"","overlay-gradient":""}},"footnotes":""},"class_list":["post-28","page","type-page","status-publish","hentry"],"aioseo_notices":[],"uagb_featured_image_src":{"full":false,"thumbnail":false,"medium":false,"medium_large":false,"large":false,"1536x1536":false,"2048x2048":false,"menu-24x24":false,"menu-36x36":false,"menu-48x48":false},"uagb_author_info":{"display_name":"ibraimoabdala9@gmail.com","author_link":"https:\/\/solucoesinformaticas.com\/?author=1"},"uagb_comment_info":0,"uagb_excerpt":"Contactos Envie as suas D\u00favidas Estamos abertos para qualquer tipo de esclarecimento. Endere\u00e7o Achada de Santo Ant\u00f3nio,Cidade da Praia &#8211; Santiago. Ligue para n\u00f3s +238 00957 3134+238 009852428 E-mail ibraimoabdala@solucoesinformaticas.comnitandrade@solucoesinformaticas.com Hor\u00e1rio de Funcionamento Seg &#8211; Sex: 8:30h &#8211; 17:00h\u00a0 \u00a0 \u00a0 \u00a0 \u00a0 Sat: 8:30h &#8211; 11:00h","_links":{"self":[{"href":"https:\/\/solucoesinformaticas.com\/index.php?rest_route=\/wp\/v2\/pages\/28"}],"collection":[{"href":"https:\/\/solucoesinformaticas.com\/index.php?rest_route=\/wp\/v2\/pages"}],"about":[{"href":"https:\/\/solucoesinformaticas.com\/index.php?rest_route=\/wp\/v2\/types\/page"}],"author":[{"embeddable":true,"href":"https:\/\/solucoesinformaticas.com\/index.php?rest_route=\/wp\/v2\/users\/1"}],"replies":[{"embeddable":true,"href":"https:\/\/solucoesinformaticas.com\/index.php?rest_route=%2Fwp%2Fv2%2Fcomments&post=28"}],"version-history":[{"count":33,"href":"https:\/\/solucoesinformaticas.com\/index.php?rest_route=\/wp\/v2\/pages\/28\/revisions"}],"predecessor-version":[{"id":1326,"href":"https:\/\/solucoesinformaticas.com\/index.php?rest_route=\/wp\/v2\/pages\/28\/revisions\/1326"}],"wp:attachment":[{"href":"https:\/\/solucoesinformaticas.com\/index.php?rest_route=%2Fwp%2Fv2%2Fmedia&parent=28"}],"curies":[{"name":"wp","href":"https:\/\/api.w.org\/{rel}","templated":true}]}}